e v(86).
4
Let h(c) = 1186*c - 5934. Determine h(5).
-4
Let w(r) = r**2 - 88*r + 1236. Determine w(14).
200
Let t(j) = -24*j - 199. Determine t(-17).
209
Let g(z) = 2*z**3 + z**2 - z - 3. What is g(-3)?
-45
Let f(i) = 56*i + 5297. Determine f(-93).
89
Let k(a) = -7*a**2 + 1064*a + 1015. Calculate k(153).
-56
Let o(b) = 250*b - 406. Calculate o(4).
594
Let r(u) = -u**3 - 5*u**2 + 27*u + 88. Give r(-3).
-11
Let b(m) = -m**3 - 19*m**2 - 77*m + 5. Calculate b(-6).
-1
Let h(w) = -53*w + 68. Determine h(1).
15
Let r(q) = -q**3 + 102*q**2 - 747*q - 30. Give r(8).
10
Let a(h) = h**3 + 192*h**2 - 707*h - 99194. Calculate a(-193).
8
Let o(f) = -90*f - 169. What is o(-3)?
101
Let o(v) = -309*v - 972. Determine o(-3).
-45
Let n(g) = 19*g - 152. Give n(5).
-57
Let g(a) = a**2 + 118*a + 3637. Determine g(-49).
256
Let t(x) = 3*x**2 - 24*x - 149. What is t(-4)?
-5
Let b(p) = p**2 - 11*p + 10. Calculate b(-5).
90
Let b(m) = 1025*m + 14350. Give b(-14).
0
Let p(c) = 16*c - 30. What is p(2)?
2
Let n(b) = 2*b**3 + 178*b**2 + 8*b + 706. Calculate n(-89).
-6
Let z(r) = -1295*r - 264179. Determine z(-204).
1
Let x(d) = 4*d**3 + d**2 - 6*d - 13. Determine x(0).
-13
Let d(j) = 86*j - 327. Give d(4).
17
Let y(k) = 338*k - 53058. Give y(157).
8
Let g(q) = -q**3 - 69*q**2 - 371*q - 9. What is g(-6)?
-51
Let j(s) = s**3 + 65*s**2 - 350*s + 61. Give j(-70).
61
Let a(p) = 3*p**3 - 143*p**2 + 103*p - 399. What is a(47)?
24
Let l(z) = z**3 + 17*z**2 + 27*z - 56. Determine l(-15).
-11
Let p(z) = -3*z**2 + 339*z + 340. Calculate p(-1).
-2
Let t(j) = j**2 + 33*j + 612. Calculate t(-27).
450
Let u(b) = -b**3 - 52*b**2 + 52*b - 208. Give u(-53).
-155
Let i(k) = k**3 + 4*k**2 - 26*k + 2. Calculate i(0).
2
Let p(l) = 117*l - 1825. Calculate p(15).
-70
Let d(r) = 93*r**3 - r**2 - 2*r - 1. Calculate d(-1).
-93
Let y(w) = -w**3 + 10*w**2 - 14*w - 17. Give y(7).
32
Let v(u) = -3*u**2 + 40*u + 3588. Determine v(42).
-24
Let k(v) = 18*v - 601. Give k(27).
-115
Let l(u) = -4*u**3 + 21*u**2 + 52*u + 90. What is l(8)?
-198
Let m(k) = 2*k**3 + 14*k**2 - 4*k. Calculate m(3).
168
Let i(d) = 2*d**3 + 14*d**2 + 106*d + 728. Give i(-7).
-14
Let j(w) = -13*w + 611. Determine j(37).
130
Let i(h) = 13*h**2 + 25*h + 75. Determine i(-3).
117
Let l(m) = -3*m**2 + 43*m - 99. Calculate l(7).
55
Let m(c) = -c**2 + 18*c + 99. What is m(-5)?
-16
Let y(b) = 4*b**3 + 33*b**2 - 13*b - 5. Determine y(-7).
331
Let p(q) = -470*q - 9397. Give p(-20).
3
Let f(u) = u**3 - 27*u**2 - 27*u + 350. Calculate f(28).
378
Let u(f) = -937*f - 4580. Determine u(-5).
105
Let l(a) = -363*a**2 - 12*a + 13. Determine l(1).
-362
Let r(k) = 364*k - 23656. Determine r(65).
4
Let h(x) = -2*x**3 - 70*x**2 - 242*x + 71. Give h(-31).
-115
Let b(o) = -1427*o + 25691. Determine b(18).
5
Let h(n) = 8*n**3 - 371*n**2 + 136*n + 89. Determine h(46).
-3
Let m(s) = -s**2 + 92*s + 3631. Calculate m(122).
-29
Let d(u) = -337*u + 2751. Calculate d(8).
55
Let n(b) = -b**2 - 64*b + 131. What is n(2)?
-1
Let n(h) = h**3 - 31*h**2 - 115*h + 405. What is n(34)?
-37
Let z(d) = -10*d**2 + 155*d - 9. Give z(17).
-264
Let j(g) = -53*g + 1437. Calculate j(27).
6
Let j(a) = 44*a - 1077. Give j(27).
111
Let q(x) = -15*x**3 + 376*x**2 - 22*x + 16. Calculate q(25).
91
Let k(x) = 33*x - 274. Give k(-4).
-406
Let g(d) = -d**3 + 57*d**2 - 116*d + 328. What is g(55)?
-2
Let t(n) = 5*n**2 - 68*n - 87. What is t(15)?
18
Let w(s) = 2*s**3 - 3*s**2 - 14*s - 3. Determine w(-4).
-123
Let r(x) = x**3 + 43*x**2 - 119*x - 5103. Calculate r(-43).
14
Let l(x) = 3*x**2 + 161*x + 604. Give l(-4).
8
Let h(j) = j**2 + 94*j - 14970. Determine h(-178).
-18
Let w(h) = 81*h - 13. What is w(0)?
-13
Let d(r) = 2*r**3 + 130*r**2 + 130*r - 31. Determine d(-64).
-159
Let k(c) = -2*c**3 - 25*c**2 + 23*c - 16. Calculate k(-14).
250
Let g(x) = -259*x - 2068. What is g(-8)?
4
Let a(c) = 4*c**2 - 53*c + 128. Determine a(3).
5
Let x(n) = 366*n - 1464. What is x(4)?
0
Let j(u) = -u**2 - 98*u - 1422. What is j(-85)?
-317
Let g(u) = -74*u - 2373. Determine g(-32).
-5
Let r(v) = -2*v**2 + 24*v - 21. Calculate r(11).
1
Let u(j) = j**2 + 14*j + 20. What is u(-12)?
-4
Let g(s) = 13*s**3 + 19*s**2 - 5*s + 6. Give g(2).
176
Let c(a) = 2*a - 67. Determine c(3).
-61
Let y(o) = 3417*o + 75176. Calculate y(-22).
2
Let j(o) = -104*o - 1404. Calculate j(-14).
52
Let x(n) = -415*n + 3325. Give x(8).
5
Let b(f) = f**3 + 19*f**2 - 2*f + 365. Calculate b(-20).
5
Let y(j) = j**2 - 1730*j + 6883. What is y(4)?
-21
Let q(k) = -k**3 + 14*k**2 + 27*k - 123. What is q(15)?
57
Let n(i) = 25*i**3 + i**2 - i - 1. Calculate n(1).
24
Let y(w) = -2*w**3 - 160*w**2 + 159*w - 238. Determine y(-81).
5
Let v(z) = -4*z**2 - 24*z - 7. What is v(-9)?
-115
Let k(d) = -7*d**3 + 190*d**2 - 210*d + 53. Give k(26).
1
Let v(i) = i**2 - 33*i + 62. Determine v(19).
-204
Let o(s) = s**2 + 158*s + 6227. Give o(-74).
11
Let x(m) = 3*m + 127. Determine x(-8).
103
Let x(a) = 2*a**2 + 109*a - 733. Determine x(6).
-7
Let m(u) = -15*u - 113. Give m(-17).
142
Let p(w) = 13*w**3 - 181*w**2 - 30*w + 214. What is p(14)?
-10
Let q(f) = f**3 + 10*f**2 - 4*f - 6. What is q(-10)?
34
Let k(u) = 28025*u - 140134. What is k(5)?
-9
Let z(h) = 102*h**2 + 6937*h + 53. Determine z(-68).
-15
Let u(t) = t**2 + 5*t - 736. Determine u(24).
-40
Let x(n) = -113*n + 2711. Determine x(24).
-1
Let z(h) = 2*h**3 + 200*h**2 - 1498*h - 117. Give z(-107).
-117
Let p(c) = -c**3 + 20*c**2 + 62*c + 183. Determine p(23).
22
Let b(m) = 5*m**3 + 147*m**2 - 99*m + 11. Give b(-30).
281
Let g(y) = -y**3 + 12*y**2 - 17*y + 86. What is g(11)?
20
Let g(l) = 7*l**2 + 9*l - 2. Determine g(-2).
8
Let p(o) = -17*o - 105. Calculate p(-3).
-54
Let w(h) = -8*h**2 - 73*h - 17. Determine w(-9).
-8
Let m(f) = -165*f - 12. What is m(0)?
-12
Let y(k) = k**3 - 35*k**2 + 205*k - 263. Give y(28).
-11
Let f(w) = -5*w**2 + 63*w - 4. Determine f(13).
-30
Let i(n) = 3104*n + 43455. What is i(-14)?
-1
Let d(u) = -9*u + 120. Give d(17).
-33
Let o(z) = 6*z**3 - 16*z**2 + 2*z - 25. Give o(5).
335
Let l(w) = 639*w + 10225. Calculate l(-16).
1
Let p(s) = s**3 + 21*s**2 - 65*s + 167. Give p(-24).
-1
Let y(n) = -n**3 + 47*n**2 - 91*n + 53. Calculate y(45).
8
Let p(y) = 267*y - 11257. Determine p(42).
-43
Let w(v) = -13*v**2 - 61*v - 41. Calculate w(-4).
-5
Let v(f) = -f**3 + 92*f**2 - 235*f - 2841. Calculate v(89).
7
Let j(t) = 19*t + 261. Give j(-16).
-43
Let k(c) = 8*c**2 + 68*c - 621. Determine k(-14).
-5
Let n(g) = g**3 + 4*g**2 + 4. What is n(-3)?
13
Let i(z) = 29*z + 674. Give i(-22).
36
Let u(z) = -z**3 - 9*z**2 + 7*z + 96. Calculate u(-5).
-39
Let p(b) = b**3 - 64*b**2 + b - 47. Give p(64).
17
Let n(k) = k**3 - 59*k**2 - 4679*k - 108. What is n(104)?
-4
Let b(s) = -2*s**2 + 3*s - 1. Give b(2).
-3
Let l(a) = a**2 + 359*a + 3829. Determine l(-11).
1
Let p(k) = 14*k**2 + 46*k + 24. Give p(-6).
252
Let k(y) = 1352*y + 8110. What is k(-6)?
-2
Let l(v) = v**3 - 3*v**2 + 7*v - 59. Give l(4).
-15
Let g(c) = c**2 - c + 286. Calculate g(15).
496
Let j(k) = -1554*k - 198911. Determine j(-128).
1
Let a(x) = x**2 - 5*x - 73. Give a(0).
-73
Let u(t) = -t**3 - 5*t**2 + 67*t + 50. Calculate u(6).
56
Let u(z) = 4*z**2 + 209*z - 4628. What is u(-69)?
-5
Let t(l) = 22*l + 37. Calculate t(-2).
-7
Let w(t) = 2*t**2 + 3*t - 21. Calculate w(3).
6
Let r(a) = -7*a**2 - 16*a + 24. Calculate r(-6).
-132
Let q(u) = 2*u**3 - 63*u**2 + 91*u - 77. What is q(30)?
-47
Let y(f) = -f**3 - 11*f**2 - 24*f - 15. Give y(-8).
-15
Let d(u) = -12*u - 456. Calculate d(-38).
0
Let v(n) = 390*n - 2375. Give v(6).
-35
Let l(d) = -42*d**3 + 250*d**2 + d + 65. Determine l(6).
-1
Let a(h) = 24*h**2 + 1727*h - 86. Determine a(-72).
-14
Let f(i) = i**3 - 67*i**2 - 73*i + 341. Determine f(68).
1
Let h(p) = 480*p - 67217. Calculate h(140).
-17
Let v(w) = -w**3 - 7*w**2 - 20*w - 13. What is v(-5)?
37
Let b(q) = -19*q - 176. Give b(-10).
14
Let k(c) = c**3 - 20*c**2 - 2*c - 79. Calculate k(21).
320
Let n(p) = 11*p**3 + 145*p**2 + 139*p - 5. What is n(-1)?
-10
Let c(p) = 12650*p - 75918. Give c(6).
-18
Let h(c) = -c**3 - 11*c - 31. What is h(-4)?
77
Let h(f) = 4*f**3 + 75*f**2 - 37*f - 349. Give h(-19).
-7
Let p(o) = -106*o + 722. What is p(11)?
-444
Let s(b) = -2*b**3 - 23*b**2 - 41*b - 132. What is s(-10)?
-22
Let p(o) = o**3 - 10*o**2 + 7*o - 68. What 